 4*s + 5*v + 49 + 69. Let m = 30 + s. Let o(n) = 3*n**3 + 2*n**2 - 2*n. Give o(m).
-12
Let x be (-1 - (-58)/(-6)) + 4/6. Let f(s) = s**2 + 10*s + 3. Calculate f(x).
3
Let k(c) be the third derivative of c**4/3 - 5*c**3/6 - 13*c**2 - c. Give k(-5).
-45
Let j(a) = a**2 + 10*a + 6. Suppose -3*i - 17 = 5*x + 17, 0 = -3*x - 5*i - 14. What is j(x)?
-10
Suppose 4*k + 20 = 4*p, -4*k + 3*p - 7 = 10. Let u be (-1)/k*0/2. Let j(c) = u*c - 6 - c**2 - 3*c + 7*c + 2*c. Calculate j(5).
-1
Let i(c) = -2*c - c**2 + 2*c - 5*c + 3 + 3. Suppose w + 4*w = 3*p + 11, 1 = 3*p - 2*w. Suppose -p*s + 14 = -v, 2*v - 5*s - 9 + 34 = 0. Give i(v).
6
Let z(k) = 2*k**2 + 2*k + 4. Let d be z(-2). Let b(l) = l + 3. Calculate b(d).
11
Let o(k) = -k + 4. Let m(d) = -7 + 2 + 4 + 2. Let a(n) = 4*m(n) + o(n). Let g = -1537 + 1531. Determine a(g).
14
Let f = -1045 + 1042. Let a be 2/(-1 - -3)*0. Let t(p) = a - 6*p + p - 2. Give t(f).
13
Let v(k) = 5*k**2 - 6*k - 23. Let n be v(9). Let q(g) = 0 + n*g - 2 - 336*g. Determine q(2).
-18
Let j(x) = x**2 - 10*x + 12. Let i(a) = -2*a**2 + 10*a - 13. Let w(r) = -2*i(r) - 3*j(r). Let b be w(-11). Let g(y) = y - b + 0 + 6. Calculate g(-4).
1
Let i = -683 + 678. Let z(n) = -3*n + 12. Calculate z(i).
27
Suppose 166 = -219*y - 491. Let i(t) = -t - 1. Let v(z) = 4*z + 3. Let a(g) = -8*i(g) - 3*v(g). Calculate a(y).
11
Suppose -3068 = -37*g - 3031. Let w(x) be the second derivative of 9*x**5/20 - x**2/2 - x. Determine w(g).
8
Let c = -116 + 208. Let w(m) = -1 + 177*m - 87*m - c*m. Give w(-4).
7
Let p(r) = -64 + 119 - 3*r - 59. Let m(a) = 25*a + 2. Let j be m(2). Let f be j/(-14) - 6/21. Calculate p(f).
8
Let b(i) = 11*i**3 - 5*i**2 - 4*i + 3. Let y(g) = 16*g**3 - 8*g**2 - 6*g + 5. Let m(r) = 8*b(r) - 5*y(r). Determine m(-1).
-7
Let t(b) be the first derivative of 1/4*b**4 - 1/2*b**2 + 0*b**3 + 1 - 7*b. Let m(r) = 51*r - 153. Let l be m(3). Determine t(l).
-7
Let b(u) be the second derivative of 1/2*u**2 + 0 - 5/12*u**4 - 1/20*u**5 + 3*u - 1/2*u**3. What is b(-5)?
16
Let i(a) = a**3 + 8*a**2 - 11*a - 21. Let g be i(-9). Let s be 28/6 - 1/g. Let r(v) = v**3 - 6*v**2 + 7*v - 5. Give r(s).
5
Let u(x) = -3*x - 2. Let k(a) = a - 6. Let z(h) = -k(h) + 2*u(h). Suppose 3*v = 2*y - 6, 4*y - 2*y + 2 = -v. Calculate z(v).
16
Let m(w) = -w**3 - 8*w**2 + 11*w + 22. Let f be m(-9). Let x(q) = 2*q - 2. Give x(f).
6
Let k(l) = l**3 + 3*l**2 - 3*l - 6. Suppose 0 = -5*b - 0*d + 5*d - 10, 2*d = 5*b + 16. Determine k(b).
-10
Let t(b) be the second derivative of 7*b - 1/2*b**4 - 9/2*b**2 + 1/20*b**5 - 5/6*b**3 + 0. Calculate t(7).
5
Let d be 2/(-3) + 22/6. Let y be 8/3 - (-2)/(-3). Let g(b) = 0*b + 5 - y + b - b**2 + d. What is g(0)?
6
Let r(f) be the second derivative of -f**4/4 + 5*f**3/2 + 5*f**2/2 + 744*f. What is r(7)?
-37
Let t = -314 + 320. Let v(w) = 2*w**3 - 12*w**2 - w**3 + 2 + 7*w**2 - 6*w. Determine v(t).
2
Let y(n) = 4*n - n**2 - 2*n + 2*n**2 - 5*n**2 - 5. Let v(z) = 11*z**2 - 6*z + 14. Let j(x) = 6*v(x) + 17*y(x). Determine j(-1).
-1
Let y(v) = 4 - v + 0 - 3. Let k(d) = 6*d**2 + 4*d - 6. Let n(h) = -k(h) - 5*y(h). Let q(g) = -37*g + 221. Let x be q(6). Calculate n(x).
-6
Let r(z) be the first derivative of 5*z - 1/4*z**4 + 9/2*z**2 - 11 - 5/3*z**3. Calculate r(-6).
-13
Let k(j) = -3*j - 73. Let z be k(-25). Let v(l) be the third derivative of l**z + 0*l + 0 + 1/24*l**4 - 1/6*l**3. Determine v(-1).
-2
Suppose -7*v + 35 = 7. Let a be (v - (-20)/(-4))*6. Let k(c) be the second derivative of c**3/3 + 3*c**2 + c. Determine k(a).
-6
Let y(z) = 25*z + 9*z**2 - 32*z + 4 - 3*z**2 - z**3. Give y(5).
-6
Let z(u) = 6 + 2 + 3*u - 13 + 1. Calculate z(8).
20
Let n(m) = m**3 + m**2 + 2. Let t = -6 + 12. Let s be 2*2 - t/(0 + 1). Calculate n(s).
-2
Let d be ((-25)/((-3375)/30))/((-4)/(-90)). Let f(v) = -2*v - 2*v + 7 - v. Give f(d).
-18
Let u = -14 - -15. Let a(s) = 2 - 3 + 1 - s + u. Determine a(2).
-1
Suppose b - 6 - 19 = -3*r, 0 = 2*r - 8. Let d(u) = -7*u - 14 + b + 6*u + 3. Suppose 5*v - 24 = 2*a - 5, -5*a = -3*v. Calculate d(v).
-3
Let f(z) = -z**2 - 3*z - 1. Suppose 52 = 5*j + 107. Let b(u) = -7*u. Let x be b(-1). Let m = j + x. Determine f(m).
-5
Let h(r) be the third derivative of -r**6/120 - r**5/12 - 5*r**4/24 - r**3/3 - r**2. Let v = -305 + 205. Let y = v - -97. Calculate h(y).
-5
Let y = -1329 + 1338. Let c(g) = 3*g - 6*g - 7*g + g**2 + 6. Give c(y).
-3
Suppose 0 = -p - m + 2 + 2, -4*m + 22 = 5*p. Let g(q) be the second derivative of q**2 - 1/6*q**3 - q + 0. Calculate g(p).
-4
Suppose 114 - 84 = -6*v. Let b(q) be the third derivative of -q**4/12 - q**3 + 8*q**2. Calculate b(v).
4
Let z(m) = -m**2 + 5*m + 6. Let v be z(7). Let c = v - -18. Suppose 0 = c*s - 5*s + 5. Let f(y) = -8*y**2 - 1. Calculate f(s).
-9
Let t(y) = y**3 - 7*y**2 + 5*y - 7. Suppose 18*r - 7*r = 77. Calculate t(r).
28
Let f(t) = -5*t + 4*t + t - 5*t. Let x(w) = 6*w - 1. Let p be x(1). Suppose -4*m - 9 = -p. Calculate f(m).
5
Let g(h) = -93*h - 6*h + 100*h + 3. Let z be -6*2/(-8)*2. Let d(s) = s**3 - 2*s**2 - 5*s + 2. Let o be d(z). Determine g(o).
-1
Let x be 1/(2/5*(-15)/(-12)). Let z(g) = -1 + x*g**3 + g - g**3 + 2*g**3 - 10*g**2 + 9*g**2. Let b = 4 + -3. Give z(b).
2
Let z(s) = s**3 - s**2 - 3*s - 1. Suppose -2*m - 54 = -x - 5, -2*m - 100 = -2*x. Let j = x - 48. Give z(j).
8
Suppose 3*m + 3*z - 102 = 0, -17 = -5*m - 4*z + 154. Let f(c) = -40 - c - m + 79. Give f(4).
0
Let z(y) = -y**3 - 4*y**2 + 5*y - 2. Let r(a) = a**3 + 4*a**2 - 3*a - 3. Let p be r(-2). Let j be 4/8 - p/2. What is z(j)?
-2
Let z(w) = -w**2 + 2*w + 2. Let n be z(2). Let g(l) = 1 - 2*l - 2*l**n + 3*l**2 - 2*l**2 + 0*l**2. Determine g(-4).
-7
Let r(f) = f**2 + 27*f + 176. Let h be r(-11). Let k(a) be the second derivative of -1/20*a**5 - 10*a + 3/2*a**2 + 1/6*a**4 + h - 1/6*a**3. Calculate k(3).
-9
Let x(g) = 5*g**2 + 3*g + 9. Let v(i) = -7*i**2 - 3*i - 11. Let o(m) = 2*v(m) + 3*x(m). Calculate o(-5).
15
Let u(a) = a**2 + 9*a + 15. Suppose 2*v = v + h - 5, 0 = -5*h + 5. Calculate u(v).
-5
Let z(v) = 6 + 4 - 16*v + 2. Let x be z(1). Let f(t) = -t**3 - 4*t**2 - 5*t - 4. Determine f(x).
16
Let p = 8 + -14. Let o(h) be the third derivative of h**6/120 + h**5/12 - 5*h**4/24 + 4*h**3/3 + 413*h**2. What is o(p)?
2
Suppose 0 = 5*p - 2 - 3. Let x(b) = 11*b**3 + b**2 - 1. Calculate x(p).
11
Let r(k) = -4*k. Let u be r(0). Let x = 2 + -2. Let o(f) = 2*f - 3 - f + x*f. Determine o(u).
-3
Let z = -224 + 224. Let r(b) = -3*b - 3*b + 5*b - 7. Give r(z).
-7
Let f(a) = -2*a**3 - 7*a**2 - 2. Suppose -i + 10 = 3*d, 5*d - 4*d = 3*i. Let p(r) = -3*r**3 - 14*r**2 - 4. Let z(m) = d*p(m) - 5*f(m). Determine z(7).
-2
Let s(q) = q**2 + 5*q + 3. Let j be s(-6). Let v(n) = -n**2 + 5*n - 2. Let b be v(3). Suppose -b*u = -j*u + 30. Let y(p) = p**3 - 7*p**2 + 5*p + 4. Give y(u).
-2
Let a(w) = -w**2 + 21*w - 73. Let v be a(4). Let u(s) = s + 7. Determine u(v).
2
Let j(d) = -d + 5. Let x(k) = -k**3 - 36*k**2 + 37*k + 4. Let i be x(-37). Calculate j(i).
1
Let l(b) = b. Let z(s) = 4*s - 7 - 4 + s - 4*s. Let d be z(5). Let r = d + 10. What is l(r)?
4
Suppose 3*z - 2 = -3*o + z, 41 = 4*o - 5*z. Let l be 12/o*(-4)/6. Let y(q) = -q**2 - 2*q - 3. What is y(l)?
-3
Let m(v) = -v**3 + 3*v**2 - 3*v + 4. Let r(f) = -21*f - 11. Let q be r(7). Let d be q/8 - (-1)/(-4). Let l = -17 - d. Calculate m(l).
-5
Let y(b) = -2*b + 1. Suppose 4*n + 14 = -3*r - 3, -r = -2*n - 21. Let z be 2/n*(6 - 6). Suppose -5*f + 25 = -z*f. Calculate y(f).
-9
Let h(y) = -5*y - 2. Let g(s) = 4*s + 2. Let b = -55 + 51. Let i(c) = b*g(c) - 3*h(c). Calculate i(-6).
4
Let w(j) = j - 2*j**2 + 6 + 5*j + 0*j + 0*j. Suppose -11 - 5 = -t + 2*r, 2*r = -4*t + 34. Let f = 15 - t. Give w(f).
-14
Suppose -3*j + 12 = 3*n - 6*n, 5*n = -5*j + 20. Let r(l) be the first derivative of 1/3*l**3 - 7/2*l**2 + 4*l - 3. Give r(j).
-8
Suppose 2*h + 3*s = 21, h + s - 11 = -2. Suppose 2*u = 5*u - h. Let r(b) = -2*b**2 - 4 + b**u - 2 + 0*b**2 - 5*b. Give r(-5).
-6
Let b(n) = n**2 + 9 + 758*n - 754*n - 21. Give b(-6).
0
Let a(j) = j**2 + 11*j. Suppose -10*d = 102 + 8. Let m be a(d). Let s(k) = -k**3 - k**2 - k - 8. Give s(m).
-8
Let s(b) = 2*b**2 + 23*b + 13. Let z = -107 - -96. Calculate s(z).
2
Let v(u) = 2*u - 5. Suppose -3*k - 15 = -8*k. Suppose 6*h - b - 3 = 5*h, 0 = -3*b + k. Determine v(h).
3
Let m = 0 - -1. Let w 